-6)?
2, 3, 5
Let y be 13/3 - 8/(-12). Suppose 446 = 4*v + y*t, 4*v = -6*t + 5*t + 438. Suppose 4*u - 2*u - v = -3*k, 2*k + u = 74. What are the prime factors of k?
3, 13
Suppose -c + 202 = 4*f, -252 = -5*f - c - 0*c. Let p = f + -70. List the prime factors of 4/p + (-572)/(-10).
3, 19
Suppose -5*p - 10 - 15 = 0. Let d = p - -23. List the prime factors of 4/(-6) - (-822)/d.
3, 5
Let r(j) = 2*j**2 + 4*j + 6. Let y be r(-5). Suppose -21 = 5*f + 4, 4*f = 4*k - y. What are the prime factors of k?
2
Suppose -2*f + 40920 = 31*f. List the prime factors of f.
2, 5, 31
Let u be (3*6/24)/((-2)/(-8)). Let o(b) = 10*b**3 - 4*b**2 - 3*b - 3. What are the prime factors of o(u)?
2, 3, 37
Let y(w) = 3*w**2 - 5*w - 2. Let u be y(7). List the prime factors of ((-78)/4)/((-33)/u).
5, 13
List the prime factors of -4*(-7 + (-13783)/22).
2, 7, 181
Let o(j) be the second derivative of -1/6*j**3 + 4*j**4 + 0*j**2 + 4*j + 0. List the prime factors of o(-1).
7
List the prime factors of ((-16723)/(-56) - 2) + 3/8.
3, 11
Suppose 4*d - 4*p = -3152, -5*p - 441 - 347 = d. Let a = -468 - d. What are the prime factors of a?
2, 5
Suppose 5*l = -3*d + 5, -5*l + 5 = d + 3*d. Suppose -4*n - 6 - 10 = 4*i, 4*n = -3*i - 13. List the prime factors of (-4 - (d + -3))*i.
3
Let r = -739 - -1489. What are the prime factors of r?
2, 3, 5
Suppose 3*b + 2*b = -100. Let r = 18 + b. List the prime factors of r/((-4)/(-58))*-1.
29
Suppose 2*k + 348 = -2*d + 4*d, -4*k = 5*d - 906. What are the prime factors of d?
2, 89
Let m(o) = 22*o**2 - 23*o + 98. What are the prime factors of m(8)?
2, 661
Suppose -3*z + 2*d - 5 = 0, -5 + 2 = 4*z + d. Let m(v) = -5*v - 3*v - 5*v - 5*v. What are the prime factors of m(z)?
2, 3
Let d = 0 - -5. Suppose 10 = d*a - 0. Suppose o - a*o = -4. List the prime factors of o.
2
Suppose -2*v + 2*b = -216, 0 = -4*b - 7 - 5. List the prime factors of 94/14 + -2 - (-30)/v.
5
Suppose 4*n = -3*p + 81 + 27, 4*n + 172 = 4*p. What are the prime factors of 20 + -1*1 + (37 - p)?
2
List the prime factors of (1741 - -14) + 3 + 4.
2, 881
Let l(g) = g - 1. Let d(i) = -7*i - 3. Let z(k) = d(k) - 4*l(k). Let t be 1*((-9)/3 + 2). What are the prime factors of z(t)?
2, 3
Let c = -423 + 698. Suppose -8*k + c = -3*k. List the prime factors of k.
5, 11
Let q = 9 + -8. Let c be (0 - -1)*(92 - q). Suppose -3*d = 3*p + 2*p - c, 3*p = 15. What are the prime factors of d?
2, 11
Let l(s) = 20*s**2 + 92*s - 9. What are the prime factors of l(-11)?
1399
List the prime factors of 13/((-39)/27) - -721.
2, 89
Suppose -3*w - 100 = -10. List the prime factors of (-36)/(-15)*w/(-12).
2, 3
Let m = -24 + 44. Let j = m - -11. List the prime factors of j.
31
Let p(t) = -3*t - 74. Let d be p(-26). Suppose 3*o - d*h = 351, -5*o - h = -802 + 194. What are the prime factors of o?
11
Let v = -102 + 42. Let z be 36/10 + (-24)/v. Suppose -3*k + z*j = -116, 0*k + 3*j + 208 = 5*k. What are the prime factors of k?
2, 11
Let i(y) = -3*y - 22. Let m be i(-7). Let t be 0 + m/(2/(-58)). Let n = t + 17. List the prime factors of n.
2, 23
Let q(h) = -6*h - h - 22 + 5. Let r = -1294 - -1282. List the prime factors of q(r).
67
Suppose 8*j - 34940 = -12*j. What are the prime factors of j?
1747
Suppose 0 = n + 5*o + 3343 - 9326, 2*n - 4*o - 11952 = 0. What are the prime factors of n?
2, 7, 61
List the prime factors of (-2052)/(1 - 5)*4/6.
2, 3, 19
Let c(y) = -1 - 3 - 4 - y**2 + 8*y. Suppose 0*x + 4*f = 2*x - 24, -4*x - 4*f + 12 = 0. What are the prime factors of c(x)?
2
Let c = 36 + -24. Let r = c + -12. Suppose r = 3*u + u - 48. What are the prime factors of u?
2, 3
Suppose z = 3*z + 5*y + 114, 2*z = y - 126. Let o = z - -137. List the prime factors of o.
3, 5
Let v(s) = -s + 1. Let y be v(-1). Suppose o = -y*m + 3 + 9, 2*m - 16 = -2*o. Suppose 4*z + m = 76. List the prime factors of z.
2, 3
Let j be 16/20*175/(-14). List the prime factors of -5 + (-52)/j + (-1474)/(-5).
5, 59
Let t = 15 - 12. Suppose n - 3*z = -4*n + 37, 2*z = t*n - 23. Let x(c) = 6*c - 16. List the prime factors of x(n).
2, 7
Suppose -4*y = -52*l + 56*l - 1180, 0 = y - 2. List the prime factors of l.
293
Let o = 176 + -115. Suppose 12 = -j + o. What are the prime factors of j?
7
Let o be 2/(-4)*(-36)/3. Suppose -y = -18 - o. Let x = y - 11. List the prime factors of x.
13
Let a(v) = 802*v + 16. What are the prime factors of a(1)?
2, 409
List the prime factors of -6 + ((-17)/(-1))/(10/560).
2, 11, 43
What are the prime factors of ((-5)/(-3))/(40/528)?
2, 11
Let n = -3146 - -5739. List the prime factors of n.
2593
Let m(q) = 66*q**2 - 36*q - 3. What are the prime factors of m(4)?
3, 101
Let l = -26 + 29. Suppose c = l*c - 16. What are the prime factors of c?
2
Suppose -4*m + 769 + 433 = -3*q, 4*q = 4*m - 1204. List the prime factors of m.
13, 23
Suppose -5*c - 13 = 77. Let f = c + -1. Let w = -3 - f. List the prime factors of w.
2
Let q(b) = 75*b**2 - 16*b - 92. List the prime factors of q(-7).
5, 739
Let m(c) = 18*c - 49. Suppose 2*l - 61 = -5*v, 34 - 7 = 3*v - 2*l. What are the prime factors of m(v)?
149
Let v(j) = j**2 + j + 2. Let p be v(0). Suppose -15*m + 19*m - 16 = 0. Suppose m*w - 154 = -p. List the prime factors of w.
2, 19
Let y = 53 + -49. Suppose r + s - 26 = 0, y*s - 134 = -0*r - 5*r. What are the prime factors of r?
2, 3, 5
Let t = 683 + 127. List the prime factors of t.
2, 3, 5
Let r = 15 + -8. Suppose 4*k + 5*t = 16, -19 = -3*k - 3*t - r. Suppose -2*l - 56 = -3*p, k*p = 3*p - 3*l + 26. List the prime factors of p.
2, 5
Let o(a) = a**2 + 3*a + 5*a - 4*a - 2*a**2 - 1. Let l be o(3). Suppose -3*v - l*v + 4*s + 99 = 0, 2*s - 31 = -v. List the prime factors of v.
23
Suppose 0 = 656*f - 649*f - 2296. What are the prime factors of f?
2, 41
List the prime factors of ((-60)/18)/5*(-5070 - -3).
2, 3, 563
Let y = 5975 - 3683. What are the prime factors of y?
2, 3, 191
Suppose -t + 2 = 3*i, -3*t + 0*i + 26 = -i. Let q = 23 - t. Suppose -q = -4*u + 5. List the prime factors of u.
5
Suppose 124 = 17*v - 216. What are the prime factors of v?
2, 5
Let a = 1173 - 577. What are the prime factors of a?
2, 149
Suppose -3*a + 136 = 4*c + 20, -84 = -3*c - 3*a. What are the prime factors of (146 - -2)/((c/4)/4)?
2, 37
Let x be 66/14 - (-2 + 24/14). Suppose x*c - 80 = 85. List the prime factors of c.
3, 11
Suppose -46*o + 115*o = 274482. What are the prime factors of o?
2, 3, 13, 17
Suppose 5*z - 1395 = -2*p, 2*p - 4*z - 1391 = -5*z. Suppose m + 4*m = p. List the prime factors of m.
139
Suppose -10 = -4*d + 6. Let a be 1*((-12)/3 - -4). Suppose i = -j - a*i + 35, 0 = -d*j - 3*i + 145. What are the prime factors of j?
2, 5
Suppose -14135 = -8*z - 3*z. What are the prime factors of z?
5, 257
Let d be (1 - 2 - 1) + 4. Suppose 0 = 2*a + d, 2*i + a - 10 - 29 = 0. What are the prime factors of i?
2, 5
Let l be (18/(-6))/(2/(-10)). Suppose -2*k = 3*k - l. Suppose -k*y + 112 = y. List the prime factors of y.
2, 7
Let t be (-3)/9*-4*3. Suppose t*z = z. Let s(k) = -k**2 - k + 29. List the prime factors of s(z).
29
Let r be (-1)/(-2) - 23/(-2). Let g be 1530/r - 1/2. Let s = -87 + g. List the prime factors of s.
2, 5
List the prime factors of (1/5*-943 - 4)*-5.
3, 107
Suppose 1505 = 5*y + 4*f, 2*f = 3*y + y - 1204. Suppose 5*z + 532 = -q, y - 79 = -2*z - 5*q. List the prime factors of 2/4 + z/(-4).
3
Let q(s) = 8*s + 17. Let w(o) = 2*o**2 - 3*o - 4. Let i be w(3). Let u be q(i). Suppose 0 = 3*f - 4*a - u, 2*f - a - 38 = -0*a. List the prime factors of f.
19
Let h = -1277 + 725. Suppose 1 = -3*w + 2*w. List the prime factors of (w/2)/(4/h).
3, 23
Suppose 0 = -3*d - q + 3674, 4*q + 1218 = d + 6*q. List the prime factors of d.
2, 613
Let q = 425 - -630. What are the prime factors of q?
5, 211
Suppose -p = -2*d + 2 + 6, 3*p + 4 = d. Suppose -28 = d*w - 604. List the prime factors of w.
2, 3
Suppose 0 = -7*a + 6*a - 2*l + 467, 471 = a + l. List the prime factors of a.
5, 19
Suppose -2*q - 5*h + 1024 = 0, 30 - 1074 = -2*q + 5*h. What are the prime factors of q?
11, 47
Suppose -13*c + 48977 = -7287. What are the prime factors of c?
2, 541
Let r(d) = 26*d - 88. List the prime factors of r(21).
2, 229
Suppose 11*l = -2*l + 6526. What are the prime factors of l?
2, 251
Suppose -4*y + 28 = v, 3*y - 3*v + v = 10. Suppose s = -2, -s = -y*i + 3*i + 20. Suppose 0*o = o - i. List the prime f